135?
5
What is the thousands digit of 29633?
9
What is the units digit of 1470?
0
What is the thousands digit of 1579?
1
What is the tens digit of 5052?
5
What is the units digit of 1847?
7
What is the tens digit of 5444?
4
What is the hundreds digit of 928?
9
What is the hundreds digit of 2038?
0
What is the thousands digit of 3862?
3
What is the units digit of 6012?
2
What is the hundreds digit of 18993?
9
What is the units digit of 16058?
8
What is the ten thousands digit of 64240?
6
What is the thousands digit of 1232?
1
What is the units digit of 14441?
1
What is the hundreds digit of 467?
4
What is the ten thousands digit of 44502?
4
What is the units digit of 25765?
5
What is the tens digit of 1461?
6
What is the hundreds digit of 4481?
4
What is the units digit of 34?
4
What is the hundreds digit of 1918?
9
What is the thousands digit of 7633?
7
What is the hundreds digit of 10116?
1
What is the thousands digit of 21973?
1
What is the thousands digit of 7416?
7
What is the units digit of 3118?
8
What is the tens digit of 9914?
1
What is the tens digit of 1231?
3
What is the hundreds digit of 17911?
9
What is the units digit of 37298?
8
What is the tens digit of 42365?
6
What is the thousands digit of 20735?
0
What is the units digit of 12997?
7
What is the tens digit of 98149?
4
What is the thousands digit of 17869?
7
What is the thousands digit of 7062?
7
What is the units digit of 31372?
2
What is the units digit of 2437?
7
What is the units digit of 314?
4
What is the hundreds digit of 5425?
4
What is the tens digit of 90?
9
What is the hundreds digit of 656?
6
What is the thousands digit of 13121?
3
What is the tens digit of 1045?
4
What is the thousands digit of 143191?
3
What is the tens digit of 35029?
2
What is the hundreds digit of 1091?
0
What is the thousands digit of 31286?
1
What is the tens digit of 380?
8
What is the units digit of 3475?
5
What is the hundreds digit of 218?
2
What is the tens digit of 3067?
6
What is the hundreds digit of 916?
9
What is the thousands digit of 1604?
1
What is the units digit of 59439?
9
What is the hundreds digit of 265?
2
What is the hundreds digit of 16833?
8
What is the hundreds digit of 6178?
1
What is the hundreds digit of 11230?
2
What is the units digit of 11716?
6
What is the units digit of 1612?
2
What is the thousands digit of 2200?
2
What is the hundreds digit of 434?
4
What is the tens digit of 3894?
9
What is the tens digit of 1676?
7
What is the hundreds digit of 949?
9
What is the units digit of 13042?
2
What is the ten thousands digit of 38036?
3
What is the tens digit of 1326?
2
What is the hundreds digit of 473?
4
What is the tens digit of 35641?
4
What is the thousands digit of 27763?
7
What is the tens digit of 751?
5
What is the thousands digit of 2024?
2
What is the units digit of 6974?
4
What is the units digit of 10?
0
What is the hundred thousands digit of 107766?
1
What is the units digit of 9805?
5
What is the tens digit of 1923?
2
What is the thousands digit of 7589?
7
What is the tens digit of 88364?
6
What is the hundreds digit of 73969?
9
What is the thousands digit of 49588?
9
What is the tens digit of 8813?
1
What is the units digit of 1347?
7
What is the thousands digit of 34551?
4
What is the units digit of 1728?
8
What is the tens digit of 7306?
0
What is the tens digit of 307?
0
What is the hundreds digit of 2826?
8
What is the hundreds digit of 1730?
7
What is the hundreds digit of 13091?
0
What is the units digit of 6081?
1
What is the hundreds digit of 2330?
3
What is the units digit of 569?
9
What is the units digit of 5945?
5
What is the tens digit of 439?
3
What is the tens digit of 1880?
8
What is the units digit of 4400?
0
What is the hundreds digit of 2638?
6
What is the units digit of 655?
5
What is the thousands digit of 5698?
5
What is the units digit of 4875?
5
What is the tens digit of 1737?
3
What is the hundreds digit of 916?
9
What is the thousands digit of 1203?
1
What is the tens digit of 4486?
8
What is the hundreds digit of 80087?
0
What is the hundreds digit of 630?
6
What is the thousands digit of 1882?
1
What is the tens digit of 1956?
5
What is the tens digit of 283?
8
What is the units digit of 1320?
0
What is the units digit of 47957?
7
What is the tens digit of 19141?
4
What is the tens digit of 4578?
7
What is the hundreds digit of 300?
3
What is the hundreds digit of 65117?
1
What is the units digit of 2111?
1
What is the units digit of 596?
6
What is the units digit of 3540?
0
What is the units digit of 491?
1
What is the hundreds digit of 12421?
4
What is the ten thousands digit of 65681?
6
What is the units digit of 20578?
8
What is the units digit of 15?
5
What is the thousands digit of 1200?
1
What is the hundreds digit of 848?
8
What is the thousands digit of 16025?
6
What is the thousands digit of 2070?
2
What is the tens digit of 42802?
0
What is the units digit of 9780?
0
What is the hundred thousands digit of 134636?
1
What is the thousands digit of 18208?
8
What is the hundreds digit of 73009?
0
What is the units digit of 379?
9
What is the hundreds digit of 661?
6
What is the ten thousands digit of 43551?
4
What is the ten thousands digit of 13751?
1
What is the ten thousands digit of 13087?
1
What is the units digit of 794?
4
What is the hundreds digit of 1402?
4
What is the hundreds digit of 4724?
7
What is the tens digit of 5234?
3
What is the units digit of 529?
9
What is the thousands digit of 5016?
5
What is the thousands digit of 110614?
0
What is the thousands digit of 1098?
1
What is the hundreds digit of 4854?
8
What is the hundreds digit of 41438?
4
What is the tens digit of 14058?
5
What is the units digit of 1315?
5
What is the units digit of 2552?
2
What is the thousands digit of 12173?
2
What is the hundreds digit of 5945?
9
What is the units digit of 380?
0
What is the hundreds digit of 17544?
5
What is the units digit of 84499?
9
What is the hundreds digit of 13148?
1
What is the hundreds digit of 2669?
6
What is the hundreds digit of 163817?
8
What is the thousands digit of 9795?
9
What is the tens digit of 2263?
6
What is the thousands digit of 19374?
9
What is the ten thousands digit of 25884?
2
What is the units digit of 7758?
8
What is the thousands digit of 3264?
3
What is the thousands digit of 12936?
2
What is the hundreds digit of 7020?
0
What is the tens digit of 2124?
2
What is the units digit of 2117?
7
What is the units digit of 196681?
1
What is the hundreds digit of 164?
1
What is the tens digit of 261?
6
What is the ten thousands digit of 35927?
3
What is the hundreds digit of 2546?
5
What is the units digit of 27719?
9
What is the tens digit of 1503?
0
What is the tens digit of 33224?
2
What is the units digit of 75999?
9
What is the units digit of 1466?
6
What is the tens digit of 63775?
7
What is the tens digit of 2246?
4
What is the units digit of 757?
7
What is the tens digit of 51800?
0
What is the units digit of 2707?
7
What is the tens digit of 28469?
6
What is the hundreds digit of 2966?
9
What is the ten thousands digit of 17616?
1
What is the tens digit of 1714?
1
What is the tens digit of 30278?
7
What is the thousands digit of 2846?
2
What is the units digit of 45446?
6
What is the units digit of 2025?
5
What is the hundreds digit of 11979?
9
What is the thousands digit of 9420?
9
What is the thousands digit of 7752?
7
What is the tens digit of 4968?
6
What is the thousands digit of 81916?
1
What is the hundreds digit of 5787?
7
What is the units digit of 14352?
2
What is the tens digit of 2321?
2
What is the hundreds digit of 666?
6
What is the units digit of 1211?
1
What is the ten thousands digit of 25009?
2
What is the units digit of 5679?
9
What is the units digit of 16080?
0
What is the units digit of 52049?
9
What is the hundreds digit of 761?
7
What is the hundreds digit of 7326?
3
What is the hundreds digit of 8686?
6
What is the hundreds digit of 15878?
8
What is the ten thousands digit of 81618?
8
What is the units digit of 9538?
8
What is the hundreds digit of 937?
9
What is the units digit of 2405?
5
What is the hundreds digit of 27727?
7
What is the units digit of 7412?
2
What is the units digit of 912?
2
What is the hundreds digit of 346?
3
What 